{"id":157,"date":"2022-02-04T07:08:31","date_gmt":"2022-02-04T12:08:31","guid":{"rendered":"https:\/\/appsmedicina.unmsm.edu.pe\/residentadomedico\/?page_id=157"},"modified":"2022-05-09T16:16:07","modified_gmt":"2022-05-09T21:16:07","slug":"inicio","status":"publish","type":"page","link":"https:\/\/devmedicina.unmsm.edu.pe\/residentadomedico\/","title":{"rendered":"Inicio"},"content":{"rendered":"\n<h2 class=\"wp-block-heading\"><strong>Registro del Postulante hasta la Obtenci\u00f3n de su Carn\u00e9 de Postulante<\/strong><\/h2>\n\n\n\n<figure class=\"wp-block-embed is-type-video is-provider-youtube wp-block-embed-youtube wp-embed-aspect-16-9 wp-has-aspect-ratio\"><div class=\"wp-block-embed__wrapper\">\n<div class=\"ast-oembed-container\" style=\"height: 100%;\"><iframe loading=\"lazy\" title=\"Concurso Nacional de Admisi\u00f3n Residentado 2022\" width=\"500\" height=\"281\" src=\"https:\/\/www.youtube.com\/embed\/3E1sj3q8AhA?feature=oembed\" frameborder=\"0\" allow=\"accelerometer; autoplay; clipboard-write; encrypted-media; gyroscope; picture-in-picture\" allowfullscreen><\/iframe><\/div>\n<\/div><\/figure>\n\n\n\n<p><\/p>\n\n\n\n<h2 class=\"wp-block-heading\"><strong>Presentaci\u00f3n de los Documentos Requisitos de Postulaci\u00f3n<\/strong><\/h2>\n\n\n\n<p>Todos los pagos se efect\u00faan en el Banco Pichincha.<\/p>\n\n\n\n<h3 class=\"has-text-align-center wp-block-heading\"><strong>Cuenta Corriente: 000270016684<\/strong><\/h3>\n\n\n\n<div class=\"wp-block-image\"><figure class=\"aligncenter size-full\"><img loading=\"lazy\" decoding=\"async\" width=\"844\" height=\"183\" src=\"https:\/\/devmedicina.unmsm.edu.pe\/residentadomedico\/wp-content\/uploads\/2022\/04\/banco-pichincha-2.jpg\" alt=\"\" class=\"wp-image-574\" srcset=\"https:\/\/devmedicina.unmsm.edu.pe\/residentadomedico\/wp-content\/uploads\/2022\/04\/banco-pichincha-2.jpg 844w, https:\/\/devmedicina.unmsm.edu.pe\/residentadomedico\/wp-content\/uploads\/2022\/04\/banco-pichincha-2-300x65.jpg 300w, https:\/\/devmedicina.unmsm.edu.pe\/residentadomedico\/wp-content\/uploads\/2022\/04\/banco-pichincha-2-768x167.jpg 768w\" sizes=\"(max-width: 844px) 100vw, 844px\" \/><\/figure><\/div>\n\n\n\t\t\t\t\t\t<style>\r\n\t\t\t\t<style>\r\n#wpsm_accordion_571 .wpsm_panel-heading{\r\n\tpadding:0px !important;\r\n}\r\n#wpsm_accordion_571 .wpsm_panel-title {\r\n\tmargin:0px !important; \r\n\ttext-transform:none !important;\r\n\tline-height: 1 !important;\r\n}\r\n#wpsm_accordion_571 .wpsm_panel-title a{\r\n\ttext-decoration:none;\r\n\toverflow:hidden;\r\n\tdisplay:block;\r\n\tpadding:0px;\r\n\tfont-size: 18px !important;\r\n\tfont-family: Open Sans !important;\r\n\tcolor:#ffffff !important;\r\n\tborder-bottom:0px !important;\r\n}\r\n\r\n#wpsm_accordion_571 .wpsm_panel-title a:focus {\r\noutline: 0px !important;\r\n}\r\n\r\n#wpsm_accordion_571 .wpsm_panel-title a:hover, #wpsm_accordion_571 .wpsm_panel-title a:focus {\r\n\tcolor:#ffffff !important;\r\n}\r\n#wpsm_accordion_571 .acc-a{\r\n\tcolor: #ffffff !important;\r\n\tbackground-color:#1e73be !important;\r\n\tborder-color: #ddd;\r\n}\r\n#wpsm_accordion_571 .wpsm_panel-default > .wpsm_panel-heading{\r\n\tcolor: #ffffff !important;\r\n\tbackground-color: #1e73be !important;\r\n\tborder-color: #1e73be !important;\r\n\tborder-top-left-radius: 0px;\r\n\tborder-top-right-radius: 0px;\r\n}\r\n#wpsm_accordion_571 .wpsm_panel-default {\r\n\t\tborder:1px solid transparent !important;\r\n\t}\r\n#wpsm_accordion_571 {\r\n\tmargin-bottom: 20px;\r\n\toverflow: hidden;\r\n\tfloat: none;\r\n\twidth: 100%;\r\n\tdisplay: block;\r\n}\r\n#wpsm_accordion_571 .ac_title_class{\r\n\tdisplay: block;\r\n\tpadding-top: 12px;\r\n\tpadding-bottom: 12px;\r\n\tpadding-left: 15px;\r\n\tpadding-right: 15px;\r\n}\r\n#wpsm_accordion_571  .wpsm_panel {\r\n\toverflow:hidden;\r\n\t-webkit-box-shadow: 0 0px 0px rgba(0, 0, 0, .05);\r\n\tbox-shadow: 0 0px 0px rgba(0, 0, 0, .05);\r\n\t\tborder-radius: 4px;\r\n\t}\r\n#wpsm_accordion_571  .wpsm_panel + .wpsm_panel {\r\n\t\tmargin-top: 5px;\r\n\t}\r\n#wpsm_accordion_571  .wpsm_panel-body{\r\n\tbackground-color:#ffffff !important;\r\n\tcolor:#000000 !important;\r\n\tborder-top-color: #1e73be !important;\r\n\tfont-size:16px !important;\r\n\tfont-family: Open Sans !important;\r\n\toverflow: hidden;\r\n\t\tborder: 2px solid #1e73be !important;\r\n\t}\r\n\r\n#wpsm_accordion_571 .ac_open_cl_icon{\r\n\tbackground-color:#1e73be !important;\r\n\tcolor: #ffffff !important;\r\n\tfloat:right !important;\r\n\tpadding-top: 12px !important;\r\n\tpadding-bottom: 12px !important;\r\n\tline-height: 1.0 !important;\r\n\tpadding-left: 15px !important;\r\n\tpadding-right: 15px !important;\r\n\tdisplay: inline-block !important;\r\n}\r\n\r\n\t\t\t\r\n\t\t\t<\/style>\t\r\n\t\t\t<\/style>\r\n\t\t\t<div class=\"wpsm_panel-group\" id=\"wpsm_accordion_571\" >\r\n\t\t\t\t\t\t\t\t\r\n\t\t\t\t\t<!-- Inner panel Start -->\r\n\t\t\t\t\t<div class=\"wpsm_panel wpsm_panel-default\">\r\n\t\t\t\t\t\t<div class=\"wpsm_panel-heading\" role=\"tab\" >\r\n\t\t\t\t\t\t  <h4 class=\"wpsm_panel-title\">\r\n\t\t\t\t\t\t\t<a  class=\"\"  data-toggle=\"collapse\" data-parent=\"#wpsm_accordion_571 \" href=\"javascript:void(0)\" data-target=\"#ac_571_collapse1\" onclick=\"do_resize()\">\r\n\t\t\t\t\t\t\t\t\t\t\t\t\t\t\t\t\t<span class=\"ac_open_cl_icon fa fa-minus\"><\/span>\r\n\t\t\t\t\t\t\t\t\t\r\n\t\t\t\t\t\t\t\t \r\n\t\t\t\t\t\t\t\t<span class=\"ac_title_class\">\r\n\t\t\t\t\t\t\t\t\t\t\t\t\t\t\t\t\t\t\t\t<span style=\"margin-right:6px;\" class=\"fa fa-bullhorn\"><\/span>\r\n\t\t\t\t\t\t\t\t\tPASO 1 \u2013 PROSPECTO DE ADMISI\u00d3N\t\t\t\t\t\t\t\t<\/span>\r\n\t\t\t\t\t\t\t<\/a>\r\n\t\t\t\t\t\t  <\/h4>\r\n\t\t\t\t\t\t<\/div>\r\n\t\t\t\t\t\t<div id=\"ac_571_collapse1\" class=\"wpsm_panel-collapse collapse in\"  >\r\n\t\t\t\t\t\t  <div class=\"wpsm_panel-body\">\r\n\t\t\t\t\t\t\t<ol>\r\n \t<li>El postulante debe abonar en el Banco Pichincha el monto por Concepto de <strong>PROSPECTO.<\/strong> <strong>Concepto:<\/strong> 016-072.\u00a0 <strong>Monto:<\/strong> S\/. 100.00.<\/li>\r\n \t<li>Llenar el recibo con letra de imprenta y en la parte de c\u00f3digo de alumno indique su Nro. de <strong>DNI<\/strong> o <strong>Carn\u00e9 de Extranjer\u00eda.<\/strong><\/li>\r\n \t<li>El recibo de pago debe estar en formato (PDF o JPG).<\/li>\r\n \t<li>El recibo ser\u00e1 validado dentro de las 8 horas.<\/li>\r\n \t<li>El postulante revisar\u00e1 la misma plataforma dentro de las 8 horas, para descargar el prospecto de admisi\u00f3n.<\/li>\r\n \t<li>El Postulante debe registrar en la plataforma, sus datos personales en el enlace: <a href=\"https:\/\/devmedicina.unmsm.edu.pe\/residentadomedico\/register\/\" target=\"_blank\" rel=\"noopener\"><strong>https:\/\/devmedicina.unmsm.edu.pe\/residentadomedico\/register\/<\/strong><\/a><\/li>\r\n<\/ol>\r\n\u00a0\r\n\r\n<strong>IMPORTANTE:<\/strong>\r\n\r\nSi no recibe la autorizaci\u00f3n para descargar su prospecto de admisi\u00f3n, debe tener en cuenta lo siguiente:\r\n<ol>\r\n \t<li>El recibo que usted adjunt\u00f3, NO corresponde al concepto indicado (016-072 - prospecto).<\/li>\r\n \t<li>Error en el monto.<\/li>\r\n \t<li>El recibo de pago no es n\u00edtido.<\/li>\r\n \t<li>De ser rechazado el recibo; deber\u00e1 corregir la observaci\u00f3n y volver a ingresar a la plataforma los datos correctos. Las veces necesarias hasta que sea validado y se le brinde acceso al prospecto.<\/li>\r\n<\/ol>\t\t\t\t\t\t  <\/div>\r\n\t\t\t\t\t\t<\/div>\r\n\t\t\t\t\t<\/div>\r\n\t\t\t\t\t<!-- Inner panel End -->\r\n\t\t\t\t\t\r\n\t\t\t\t\t\t\t\t\r\n\t\t\t\t\t<!-- Inner panel Start -->\r\n\t\t\t\t\t<div class=\"wpsm_panel wpsm_panel-default\">\r\n\t\t\t\t\t\t<div class=\"wpsm_panel-heading\" role=\"tab\" >\r\n\t\t\t\t\t\t  <h4 class=\"wpsm_panel-title\">\r\n\t\t\t\t\t\t\t<a  class=\"collapsed\"  data-toggle=\"collapse\" data-parent=\"#wpsm_accordion_571 \" href=\"javascript:void(0)\" data-target=\"#ac_571_collapse2\" onclick=\"do_resize()\">\r\n\t\t\t\t\t\t\t\t\t\t\t\t\t\t\t\t\t<span class=\"ac_open_cl_icon fa fa-plus\"><\/span>\r\n\t\t\t\t\t\t\t\t\t\r\n\t\t\t\t\t\t\t\t \r\n\t\t\t\t\t\t\t\t<span class=\"ac_title_class\">\r\n\t\t\t\t\t\t\t\t\t\t\t\t\t\t\t\t\t\t\t\t<span style=\"margin-right:6px;\" class=\"fa fa-bullhorn\"><\/span>\r\n\t\t\t\t\t\t\t\t\tPASO 2 \u2013 INSCRIPCI\u00d3N\t\t\t\t\t\t\t\t<\/span>\r\n\t\t\t\t\t\t\t<\/a>\r\n\t\t\t\t\t\t  <\/h4>\r\n\t\t\t\t\t\t<\/div>\r\n\t\t\t\t\t\t<div id=\"ac_571_collapse2\" class=\"wpsm_panel-collapse collapse \"  >\r\n\t\t\t\t\t\t  <div class=\"wpsm_panel-body\">\r\n\t\t\t\t\t\t\tUna vez adquirido el prospecto, e inscrito en el SINAREME (<strong>p\u00e1gina de CONAREME:\u00a0<\/strong> <a href=\"https:\/\/www.conareme.org.pe\/web\" target=\"_blank\" rel=\"noopener\"><strong>https:\/\/www.conareme.org.pe\/web<\/strong><\/a>), el postulante puede continuar con efectuar el siguiente paso de INSCRIPCI\u00d3N:\r\n<ol>\r\n \t<li>Abonar el derecho de inscripci\u00f3n al Proceso de Admisi\u00f3n del Residentado M\u00e9dico en el Banco Pichincha. <strong>Concepto:<\/strong> 016-073. <strong>Monto:<\/strong> S\/.650.00.<\/li>\r\n \t<li>Llenar el recibo con letra de imprenta y en la parte de c\u00f3digo de alumno indique su Nro. de DNI o Carne de Extranjer\u00eda.<\/li>\r\n \t<li>El recibo de pago debe estar en formato (PDF o JPG).<\/li>\r\n \t<li>El postulante debe tener los requisitos organizados de acuerdo a lo indicado en la ficha de control documentario que se encuentra en el prospecto (tener en cuenta los anexos de acuerdo a la modalidad a postular).<\/li>\r\n \t<li>Convertir cada uno de los requisitos en formato PDF, por \u00edtem de la ficha de control documentario, un PDF (si tiene m\u00e1s de un documento que corresponden a un \u00edtem, debe ponerse en un solo PDF).<\/li>\r\n \t<li>Organizado el expediente de postulaci\u00f3n puede INICIAR SU INSCRIPCI\u00d3N: <strong><a href=\"https:\/\/devmedicina.unmsm.edu.pe\/residentadomedico\/user\/\" target=\"_blank\" rel=\"noopener\">https:\/\/devmedicina.unmsm.edu.pe\/residentadomedico\/user\/<\/a><\/strong><\/li>\r\n<\/ol>\t\t\t\t\t\t  <\/div>\r\n\t\t\t\t\t\t<\/div>\r\n\t\t\t\t\t<\/div>\r\n\t\t\t\t\t<!-- Inner panel End -->\r\n\t\t\t\t\t\r\n\t\t\t\t\t\t\t<\/div>\r\n\t\t\t\r\n<script type=\"text\/javascript\">\r\n\t\r\n\t\tfunction do_resize(){\r\n\r\n\t\t\tvar width=jQuery( '.wpsm_panel .wpsm_panel-body iframe' ).width();\r\n\t\t\tvar height=jQuery( '.wpsm_panel .wpsm_panel-body iframe' ).height();\r\n\r\n\t\t\tvar toggleSize = true;\r\n\t\t\tjQuery('iframe').animate({\r\n\t\t\t    width: toggleSize ? width : 640,\r\n\t\t\t    height: toggleSize ? height : 360\r\n\t\t\t  }, 250);\r\n\r\n\t\t\t  toggleSize = !toggleSize;\r\n\t\t}\r\n\t\t\r\n<\/script>\t\n","protected":false},"excerpt":{"rendered":"<p>Registro del Postulante hasta la Obtenci\u00f3n de su Carn\u00e9 de Postulante Presentaci\u00f3n de los Documentos Requisitos de Postulaci\u00f3n Todos los pagos se efect\u00faan en el Banco Pichincha. Cuenta Corriente: 000270016684<\/p>\n","protected":false},"author":1,"featured_media":0,"parent":0,"menu_order":0,"comment_status":"closed","ping_status":"closed","template":"","meta":{"site-sidebar-layout":"default","site-content-layout":"plain-container","ast-site-content-layout":"","site-content-style":"default","site-sidebar-style":"default","ast-global-header-display":"","ast-banner-title-visibility":"","ast-main-header-display":"","ast-hfb-above-header-display":"","ast-hfb-below-header-display":"","ast-hfb-mobile-header-display":"","site-post-title":"disabled","ast-breadcrumbs-content":"","ast-featured-img":"","footer-sml-layout":"","theme-transparent-header-meta":"","adv-header-id-meta":"","stick-header-meta":"","header-above-stick-meta":"","header-main-stick-meta":"","header-below-stick-meta":"","astra-migrate-meta-layouts":"","footnotes":""},"_links":{"self":[{"href":"https:\/\/devmedicina.unmsm.edu.pe\/residentadomedico\/wp-json\/wp\/v2\/pages\/157"}],"collection":[{"href":"https:\/\/devmedicina.unmsm.edu.pe\/residentadomedico\/wp-json\/wp\/v2\/pages"}],"about":[{"href":"https:\/\/devmedicina.unmsm.edu.pe\/residentadomedico\/wp-json\/wp\/v2\/types\/page"}],"author":[{"embeddable":true,"href":"https:\/\/devmedicina.unmsm.edu.pe\/residentadomedico\/wp-json\/wp\/v2\/users\/1"}],"replies":[{"embeddable":true,"href":"https:\/\/devmedicina.unmsm.edu.pe\/residentadomedico\/wp-json\/wp\/v2\/comments?post=157"}],"version-history":[{"count":0,"href":"https:\/\/devmedicina.unmsm.edu.pe\/residentadomedico\/wp-json\/wp\/v2\/pages\/157\/revisions"}],"wp:attachment":[{"href":"https:\/\/devmedicina.unmsm.edu.pe\/residentadomedico\/wp-json\/wp\/v2\/media?parent=157"}],"curies":[{"name":"wp","href":"https:\/\/api.w.org\/{rel}","templated":true}]}}